 (-20 + 3)))?
-6
Calculate (-5 - -12) + -13 + 8 + -6.
-4
Evaluate 7 - (0 - (0 + 6 - 10)).
3
What is the value of (122 - 124) + -7 + 2?
-7
Evaluate 30 + -30 - (-8 + -1 + 4).
5
Calculate 2 + -9 - -9 - 4.
-2
Evaluate 0 - (4 - (-4 - -6)).
-2
What is the value of 5 + -1 + -1 + -82 + 86?
7
What is the value of -9 + 7 - (-4 - (5 - 12))?
-5
What is the value of 16 + -19 + 1 + 2 - -1?
1
(-8 + 8 - -10) + -8
2
19 - (1 + (-5 - -13))
10
What is the value of -3 - 1 - ((-4 - 0) + -2)?
2
Calculate 2 + 0 - (-5 + 4).
3
What is 1 + -11 - -4 - 1?
-7
What is 5 + -1 + 5 + 1 + -4?
6
What is the value of 2 + 2 + (-19 - -13)?
-2
What is the value of (-6 - (-17 - -6)) + -10?
-5
Calculate 3 - (3 - 2 - 0).
2
What is the value of (-8 - -1) + 88 + -84?
-3
What is 0 + 3 + -6 + 0?
-3
Calculate 1 + (7 - 13) + 3.
-2
What is the value of 16 + -13 - (-1 - -1 - 3)?
6
Evaluate 1 + (-1 - 2 - (6 + -2)).
-6
What is the value of (-1 - (3 - (-4 - -4))) + 8?
4
What is 2 + 7 + (-11 - -5)?
3
Evaluate 10 - (9 + -7 - -4 - 4).
8
-2 - (-6 + -5 + 9 - -3)
-3
Calculate (6 - -2) + -4 - 5.
-1
What is the value of (-11 - -3) + 3 - -5?
0
Calculate -1 - (-8 + 4 - -8).
-5
What is the value of -1 - (2 + -2 + -2 - 1)?
2
Calculate 3 + (3 - (-3 + -5 + 6)).
8
Calculate -6 + (-6 - (5 + -14 + -5)).
2
Evaluate (2 - -2) + -5 + -3 + 6.
2
Evaluate -6 + 2 + 4 + 2.
2
Evaluate -15 + 10 + 6 + 2 + -1.
2
Evaluate -1 + 2 + 4 + -5.
0
Evaluate -3 - (-2 - -3) - (4 + -4).
-4
What is the value of -4 + 4 + -2 + -2?
-4
Evaluate (-8 - (10 + -8)) + 4.
-6
What is 4 - (-9 - (-18 + 8))?
3
What is -4 + (2 - 1) + (-7 - -8)?
-2
(-37 - -36) + -6 + -3
-10
Evaluate 0 - ((1 - -3) + -1).
-3
What is 5 + (1 - 14 - (-2 - 3))?
-3
What is (-2 + 2 - 11) + (17 - 14)?
-8
Calculate -11 + 7 - (2 - (2 - 1)).
-5
What is the value of 4 + -3 + -8 + -7 + 20?
6
What is the value of (-6 - (6 - 4)) + 2?
-6
Calculate -3 + 7 + -3 - -1.
2
Calculate -1 + 1 - (-2 + 3 - -3).
-4
What is 12 + 0 + (-14 - 0) + 10?
8
What is 7 - (-1 + 6 - 6 - -4)?
4
Calculate 1 + 7 + -4 + -5.
-1
Evaluate (-5 - -1) + -11 + 7 + 3.
-5
Evaluate -3 + 0 + 4 - -1.
2
What is the value of 6 - (1 + 10) - -2?
-3
(-2 - -1 - -5) + (-145 - -146)
5
Evaluate 0 + 5 + 5 + -6.
4
2 - (0 + -2 + 1 + 1)
2
What is the value of -1 + -2 - (16 + -12)?
-7
Evaluate -2 + 1 + -4 + 4.
-1
What is the value of (-3 + 8 + -9 - -6) + 5?
7
-2 + 2 + (-2 - 1) + -2
-5
Calculate -4 + 1 + 3 + -2 - -2.
0
Evaluate 4 + 8 + -13 + 5 + -2.
2
6 - (6 + -3 - (-1 - -1))
3
Evaluate -2 + 1 + -2 + (-35 - -38).
0
-2 - -4 - (-2 - -2 - 2)
4
-2 + (-6 - -9 - 6) + 3
-2
(8 - 5) + 1 - 1
3
What is the value of -3 + (2 - 4 - -2)?
-3
Calculate 4 + (-7 - -6) - 1.
2
Evaluate (-7 - -4) + 6 + (0 - -2).
5
What is the value of -11 + 17 - (-4 + (4 - 4))?
10
Calculate (-1 - 2) + 5 + -1 - 1.
0
What is 1 - 0 - (-3 + 0 + -1)?
5
Calculate -2 + 1 + 0 + (7 - 8).
-2
Evaluate 7 + -2 + 7 + -16.
-4
What is -3 + (-3 - (2 + -6) - -1)?
-1
What is -10 + 8 + -1 + 3 + 5?
5
What is the value of (11 + -3 - (3 + 1)) + -8?
-4
What is the value of -8 + 4 - -11 - 1?
6
Calculate -4 - (-1 - 8 - -9).
-4
What is -1 - (13 + (3 - 13))?
-4
Calculate 2 - (0 + (1 - (-3 - -2))).
0
Calculate -4 + -5 + -5 + 14 + 4.
4
What is the value of 3 + 5 + 5 + -7?
6
What is -2 + 1 + 3 + -8 + 5?
-1
What is the value of -3 + (-3 - 4) - -9?
-1
What is (1 - 1) + (-6 - -23) + -14?
3
What is -2 - (-9 - (-7 + 1 + 6))?
7
Calculate 6 + -2 - (1 - (-4 - 0)).
-1
Calculate -1 - (0 + (-3 - 4)).
6
What is -2 + (2 - -3) - 2?
1
What is the value of 0 + -1 + 1 + -3 + 1?
-2
What is the value of 7 - (6 - (6 + -3 + -1))?
3
Calculate 0 + 2 + 1 - 0 - 6.
-3
(-19 + 9 - -8) + 2
0
What is the value of (-2 - -1) + 12 + -18 + 5?
-2
Evaluate (-1 - (-3 + 2)) + -6.
-6
Calculate 0 + -2 + (-13 - -6 - -14).
5
Evaluate (1 - (1 + -5)) + -4 + 0.
1
What is (1 + 1 - 5) + 4?
1
Evaluate 0 + 5 + -3 + -3.
-1
Evaluate 7 - (2 + 1) - 5.
-1
(9 - (-9 - -5 - -8)) + 1
6
Calculate -4 + (2 - (-1 - (0 + 0))).
-1
Calculate (1 - (-7 + 3 + 3)) + 1.
3
-13 + 13 + 6 + (2 - 3)
5
Calculate -5 - (9 + 1 - 10).
-5
What is (3 - -1) + 25 + -28 - 1?
0
What is -8 - -23 - 22 - (-1 - -1)?
-7
Calculate (1 - (7 - 4)) + (-1 - 0).
-3
-1 + (-1 - -2) - 1
-1
(2 - 6) + -2 + (-5 - -17)
6
What is (-7 - 0 - -9) + 5?
7
Calculate -6 - ((6 - 3) + -5) - -5.
1
0 - 5 - (-1 - (2 + -2))
-4
What is -4 + (-2 + 8 - 3)?
-1
Calculate 8 - (11 + 5 + -10).
2
Calculate (18 - 0) + (-17 - -5).
6
Evaluate 5 + 0 + -19 + 17.
3
What is the value of (-4 + 10 - -7) + -10?
3
What is the value of (-10 - -10) + 5 - (1 - -10)?
-6
What is 8 - ((0 - -3) + (4 - 6))?
7
9 + (-9 - -2) - (7 + 1)
-6
What is -4 - 7 - (-8 + 1) - -9?
5
Calculate 0 - (-11 + (6 - -2)).
3
What is the value of -6 + (-2 - ((3 - 13) + 4))?
-2
What is 1 + (-5 - -1) - -4?
1
Evaluate 9 + -5 + -1 + 6 + -2.
7
What is -1 + (-1 - -5 - (0 + 1))?
2
What is 0 + 0 + 4 + (-5 - -3)?
2
Evaluate (-2 - -6 - -1) + 6 + -18.
-7
-3 - (-3 + (2 - 1 - 1))
0
What is -2 - 1 - (-7 - -6) - 1?
-3
What is (8 - 12) + (2 + 0 - 2)?
-4
Evaluate -12 - (-12 + -9 + 5).
4
What is the value of (-2 - 1) + (6 - (-1 + 3))?
1
Evaluate 0 + -6 - (-55 + 46).
3
Evaluate (-1 - -1) + 7 + 3 + -7.
3
Evaluate -12 + 2 + -3 + 4 + 3.
-6
-4 + (-2 - (4 - 7))
-3
-2 + -1 + (4 - 6)
-5
What is the value of 5 - ((-3 - -8) + (1 - -3))?
-4
What is the value of 9 + -15 + 15 + -7?
2
What is -11 + (-4 + 5 - -5)?
-5
What is 0 + -2 - (-2 + 0 + 2)?
-2
Calculate 1 + (8 - (1 + 3) - 3).
2
0 - (-8 + 7 + -5 - -1)
5
Evaluate -1 + -2 + (-2 - -5) + -1.
-1
Evaluate -24 - -14 - -20 - (1 - -5).
4
What is (-2 - 2) + -2 + 5 + -3?
-4
What is the value of (-6 - (0 + -6)) + -9 + 2?
-7
Evaluate -1 + -2 + -4 + 10.
3
Calculate 3 - ((1 - 0) + 1 + -3).
4
Calculate 5 + -8 + 0 + 1.
-2
6 - (2 - (-16 + 7))
-5
-5 + 5 - (-1 - -5)
-4
3 - 0 - (3 - (3 + -2))
1
What is the value of -7 + 4 + -2 + 3 + 1?
-1
Calculate -1 + (-4 - (-3 - -2)) - -7.
3
What is 0 + (-1 - -5) + -5 + 4?
3
What is the value of 4 + -2 + 2 - 4?
0
What is the value of 1 + 0 - (-2 - (1 + 1))?
5
1 - ((8 - 0) + -4)
-3
Evaluate -17 + 9 + -3 + 12.
1
(-36 + 33 - (2 + 1)) + 17
11
What is (-9 - (0 - 4)) + 6 + 2?
3
What is 11 + -6 + 0 + (-1 - 2)?
2
What is the value of -1 - (7 - (8 - 0))?
0
2 - (-6 - 0) - 2 - 1
5
What is -9 - (4 + -5 + 3 + -5)?
-6
Calculate (0 - 2 - (-4 - -2)) + 1.
1
-2 - -2 - (-11 + 10)
1
What is the value of 2 + 4 + -4 + -3?
-1
What is 112 + -106 - (0 + -1 + 1)?
6
Calculate 7 - 3 - 2 - -3 - 11.
-6
Calculate 3 + -7 + (-3 - -13).
6
What is -6 - (-2 + 3 - 5)?
-2
Calculate 0 + (-4 - -7) + -3.
0
Evaluate (10 - 28) + (12 - 1).
-7
Calculate (2 - 8) + -3 + 7 + -8.
-10
Calculate (11 + -8 - 4) + 8.
7
Calculate -1 - 2 - (3 + -6).
0
What is -2 - (-3 + 5 + -2) - -4?
2
Calculate ((-4 - -13) + -4 - 4) + 2.
3
Evaluate (-4 - 0) + 3 + 2.
1
What is the value of (0 - -2) + -10 + (-4 - -7)?
-5
What is 4 + -8 + 1 + 0 - 2?
-5
(7 - (3 + 4)) + -1 + 2
1
(1 - (5 - -4)) + 30 + -27
-5
What is the value of -1 + 1 + (6 - (-4 + 11))?
-1
What is -2 - ((3 - (-1 + 2)) + -3)?
-1
What is (11 + -6 - 7) + 5?
3
1 - (3 - (-4 + 3))
-3
What is (-5 - -10) + -2 + -3?
0
What is 9 - (3 + -4 - (-1 + -4))?
5
What is the value of (1 - 5) + -14 + 23?
5
Calculate 2 + -5 + 0 + -3.
-6
Evaluate 3 + (-7 - (-1 - 1)).
-2
What is (-1 - -1) + (-7 - (4 - 7))?
-4
Evaluate (6 - 8) + 3 - (-1 + 0).
2
What is the value of 9 + -3 + 4 + -5?
5
(5 - 10) + 4 - -3
2
What is the value of (4 - 2) + -1 + 2?
3
What is (-7 - -1) + (123 - 124)?
-7
What is the value of -9 - -4 - (-1 - (0 - -2))?
-2
Evaluate (-4 - 1) + -1 - -7 - -2.
3
-3 + (-4 - (-6 + 3))
-4
Evaluate -3 + 9 + (-15 - -10) - -2.
3
What is 2 - (-6 - -10 - (3 + 0))?
1
What is the value of -2 + (9 - -3 - 5)?
5
Evaluate -15 - 1 - (23 + -16 - 14).
-9
Calculate (2 - 1) + 1 + (-7 - -2).
-3
2 - (9 + -16 - -4)
5
2 + (-1 + (-6 - -1) - -5)
1
What is (-2 - (3 + -4)) + 3 + -5?
-3
Evaluate 6 + -5 + 10 + -6 - 6.
-1
Calculate 0 - 2 - (4 + -8) - -1.
3
What is (3 + -1 - 7) + (3 - -1)?
-1
What is the value of 5 + 0 + -1 + 2?
6
(-2 - 2) + 2 - -2
0
What is 1 + 1 + -110 + 109?
1
Calculate 3 + (-3 - -1 - 8) + 2.
-5
What is the value of 4 - (3 - -10 - 4)?
-5
What is the value of (176 - 178) + 0 + 0?
-2
Evaluate -3 + (0 + 8 + -6 - -4).
3
What is the value of -7 + (12 - (2 - -2 - 5))?
6
What is the value of 8 + 1 - (2 - (-1 + -2))?
4
What is the value of 6 + -1 - ((4 - 3) + -1)?
5
Calculate 2 - 1 